 - 2*h + 55 = 0, h - 2*h + 32 = -3*t. Let w(q) = q**3 + 8*q**2 - 9*q - 4. Give w(t).
-4
Let j(u) = u**3 - u**2 + 3*u - 5. Let n(z) = -3*z**3 + 2*z**2 - 7*z + 10. Let w(v) = -5*j(v) - 2*n(v). Calculate w(0).
5
Let v(d) = d - 1. Let u(m) = m - 2. Let f(h) = 2*u(h) - 3*v(h). Determine f(-1).
0
Suppose -3*h = h. Let g(r) be the third derivative of -r**7/2520 + r**5/60 + 5*r**4/24 + 4*r**2. Let j(v) be the second derivative of g(v). Determine j(h).
2
Suppose 3*f - 16 = -d, -2*f = -2*d - 0*f. Let i(t) = -t**2 + 4*t + 6. Let h be i(5). Let c(x) = -h + 2 + x**2 - 5*x + x. Calculate c(d).
1
Let r(f) = 3*f**2 + 18*f + 1. Let s(l) = l**2 + 6*l. Let d(t) = 4*r(t) - 11*s(t). Determine d(-4).
-4
Let p(x) = x**2 + 7*x - 2. Let r be -4 - -232 - 6/(-2). Let d be (-2)/(-15) + r/(-45). Determine p(d).
-12
Let t(b) = b + 1. Let k(d) = -3*d - 4. Let r(v) = -2*k(v) - 9*t(v). Determine r(2).
-7
Suppose 1 = a, -4*a + 10 = 3*q - 0. Suppose 10 = q*k - 0*k. Let g(u) = -u - 4*u**2 - 3*u + 5*u**2 - 3. What is g(k)?
2
Let x(r) = r + 6. Let v(j) = -j**3 + 20*j**2 + 22*j - 28. Let q be v(21). What is x(q)?
-1
Let x(w) = 3 - 2*w + 101*w**2 - 5 - 98*w**2. Give x(-2).
14
Let y(o) = 0*o + o + 3*o + 2 + 2*o**2. Let x be y(-2). Let z(c) = 5*c**2 + c**3 + 0*c**3 - c**x - 4. What is z(-4)?
-4
Let n be (-4 - -1)*(5 - 2)/(-3). Let u(d) = d**2 - 3*d - 4. Calculate u(n).
-4
Suppose 1 = -v - c, -3*v - 17 = -4*v + 5*c. Let p(j) = j**2 + j. Determine p(v).
6
Let w(h) = 5*h**2 + 12. Let f(z) = 9*z**2 + z + 23. Let g(x) = 6*f(x) - 11*w(x). Calculate g(6).
6
Let f(a) = -5*a + 1. Let b(u) = 10*u - 10 - 3*u**3 - 8*u**2 + 4*u**3 - 2*u**2. Let r be b(9). What is f(r)?
6
Let a(z) = -3*z + 4. Suppose 0 = -t - 5*t + 48. Let v be 2/(t/60*3). What is a(v)?
-11
Let q(c) = -c**3 + 6*c**2 - 1. Let g(n) = 1 + 1 + 2*n**2 + 2*n**2. Let m be g(-2). Suppose -d = 2*d - m. Determine q(d).
-1
Let z = 14 - 20. Let f be z/(-3) + 5 - 1. Let c(k) = 2*k - 6. Give c(f).
6
Let u(t) = -t + 1. Let p(l) = -l**3 - 3*l**2 - l - 3. Suppose -2*d = -3*d - 3. Let b be p(d). Calculate u(b).
1
Let t(a) = -a - 6. Suppose -4*f + 2*f + 22 = 0. Let n = f - 17. What is t(n)?
0
Let m(i) = 89*i + 2 - 183*i + 93*i. Calculate m(2).
0
Let k(h) = h**2 + 8*h - 1. Let f(y) = 2*y**2 + 8*y. Let v(q) = 2*f(q) - 3*k(q). Determine v(5).
-12
Suppose -4*r + 17 = -3. Suppose 15 = -0*g - r*g. Let t(l) = 2*l**3 + 3*l**2 - l - 1. Let v(i) = -i**3 - i**2 - i + 1. Let b(d) = -t(d) - v(d). What is b(g)?
3
Let x(m) be the second derivative of -m**4/12 - m**3/3 + m**2/2 - 2*m. Let n(w) = -w**3 - 4*w**2 - 3*w - 2. Let s be n(-3). What is x(s)?
1
Let o be (-8)/3 - (-18)/(-54). Let v(x) = x**3 + 3*x + 1 - x**2 - 4*x + 3*x**2. Give v(o).
-5
Let y(z) be the first derivative of -7/3*z**3 + 8 - z - 1/4*z**4 - 4*z**2. Calculate y(-6).
11
Let q(z) = 5*z + 33. Let n be q(-8). Let k(s) = -2*s - 8. Determine k(n).
6
Let m(v) = -v**3 - 5*v**2 - 6*v + 12*v + 0*v**3. Determine m(-6).
0
Let n(d) = -d + 2. Suppose -25*u - 35 = -20*u. Give n(u).
9
Let v(x) = -8*x + 2. Suppose -4 + 3 = -z. Let l be 20/12 + z/3. Determine v(l).
-14
Let h(t) = -t**3 + 11*t**2 - 10*t + 4. Let g(p) = -5*p - 20. Let x be g(-6). Give h(x).
4
Let u(z) = z**3 + z**2. Let c(i) = i - 7. Let d be (-2 + 1)*-5 - -1. Let y be c(d). Let h = -2 - y. Give u(h).
0
Let o(a) = a + 222 - 220 - a**2 + 0*a**2. What is o(0)?
2
Let p(a) be the second derivative of 5*a**3/6 + a**2/2 - 3*a. Calculate p(-2).
-9
Let p(y) = -5*y - 70*y**3 + 146*y**3 - 9*y**2 - 77*y**3. Determine p(-8).
-24
Suppose 2*r + 8 = 6*r. Let g = r + 0. Let z(l) = -5*l**3 - 3*l**2 - 2*l - 4. Let f(w) = 6*w**3 + 4*w**2 + 3*w + 5. Let a(y) = -4*f(y) - 5*z(y). Give a(g).
0
Let m(r) = -17*r**3. Let h(f) = f**2 - f + 3. Let k be h(0). Suppose -2*g = -5*g + k. Give m(g).
-17
Let h be 24/(-28)*(4 + 3). Let l(g) = g**3 + 5*g**2 - 3*g + 8. What is l(h)?
-10
Suppose 0 = t - 4*n + 22, -n + 3 + 8 = -3*t. Let i(h) = h**2 + h - 1. Let u(a) = -5*a**2 - 3*a + 6. Let d(r) = 6*i(r) + u(r). Determine d(t).
-2
Let p be -2 - -6 - (2 - -1). Let m(j) be the third derivative of j**4/3 - j**3/6 - j**2. Determine m(p).
7
Let o(l) be the second derivative of -5*l**3/6 + 8*l. Determine o(1).
-5
Let l(g) be the third derivative of -g**5/60 - 11*g**4/24 - 13*g**3/6 - 15*g**2. Give l(-9).
5
Let v(q) = 5*q**2 + 6*q - 5. Let k(d) = -4*d**2 - 6*d + 4. Let j(g) = 6*k(g) + 5*v(g). Determine j(7).
6
Let m = -5 + 2. Let q(r) = 5*r**2 - 17*r + 8. Let l(c) = c**2 - 4*c + 2. Let t(b) = 9*l(b) - 2*q(b). Give t(m).
-1
Let m(z) = -z**2 + 5*z + 4. Suppose -5*p = -26 + 1. Let a(u) = 7*u - 7. Let r be a(3). Suppose -4*j + r = 2*k, -p*k + 14 + 7 = -4*j. Determine m(k).
4
Suppose 0 = 7*y - 37 - 5. Let z(g) = -g - 3*g + 5*g - 6. What is z(y)?
0
Let j(c) = 3 + 3*c**2 + 4*c**3 + 2*c**3 + c - 2*c**3 - 3*c**3. Give j(-3).
0
Let g(p) = 6*p**2 - p. Let u be (2/4)/(1/(-8)). Let r be -2 - (2 + u + 1). Let i be ((-2)/(-1 + r))/1. Calculate g(i).
5
Suppose 5*s = 6*u - 2*u + 8, s + 2*u + 4 = 0. Let b(j) be the second derivative of 0*j**3 - 2*j + 1/12*j**4 - 5/2*j**2 + 0. Calculate b(s).
-5
Let g(k) = -3 + k - 3 - 4*k. Suppose 2*m - 9 - 1 = 0. Suppose h = -5*z - 27, -5*h - m = 2*z - 3*z. Give g(z).
9
Let i(c) = c**2 - 3*c - 1. Let g be (28/(-42))/((-1)/6). Give i(g).
3
Let h(i) be the third derivative of i**5/60 + i**4/4 - i**3 + 6*i**2. Determine h(-6).
-6
Suppose 3*b + 24 = 4*s - 1, 0 = 3*b + 3*s + 18. Let v(f) = f**2 + 6*f - 7. What is v(b)?
0
Let c = -157 - -155. Let k(n) = -n**3 - 2*n**2 - 2*n + 1. Give k(c).
5
Let t be (-39)/(-6) - (-2)/(-4). Let f be 74/10 + 8/(-20). Let h(u) = 9*u. Let r(j) = -8*j. Let y(x) = f*r(x) + t*h(x). Determine y(3).
-6
Let i(b) = -b**3 - 7*b**2 + 7*b - 6. Let z be i(-8). Let w(x) = 3*x**2 - 4*x + 3. Determine w(z).
7
Let c(h) = -h**3 + 6*h**2 + 17*h - 8. Let u be c(8). Let g(s) = s + 6. Calculate g(u).
6
Let u(p) = 3*p**3 - p**2 + 1. Let n(f) = 2*f - 2. Let c be n(2). Let b(a) = -c*a**2 + 10*a**2 + 3*a + 9 + a**3 - 2*a. Let v be b(-8). Calculate u(v).
3
Let l(c) be the second derivative of 7*c**4/12 - c**3/6 - c**2/2 - 2*c. Calculate l(-1).
7
Let g(x) = 6*x**3 + x**2 - x + 1. Let s be g(1). Suppose -8 - s = -5*n. Let k(w) = 2*w + 3*w - n*w - 1. Determine k(3).
5
Let b(q) be the second derivative of -5/2*q**2 + 0 - 1/6*q**3 + 8*q. Let a be (-81)/15 - (-2)/5. Determine b(a).
0
Let r = 7 + -5. Let j(s) = 2*s - 7*s + 3*s. What is j(r)?
-4
Let o be 29/(-4) - 10/(-40). Let l(k) be the second derivative of k**4/12 + 7*k**3/6 - 5*k**2/2 - k. Give l(o).
-5
Suppose 2*m - 5 = -1. Suppose -5*u = -0*u - 15. Let g(i) = -2 + 0*i**2 + 2*i**3 - u*i**3 - i**2 + 3*i**2. Calculate g(m).
-2
Let s(b) be the first derivative of b**3/3 - b**2/2 + b - 7. Give s(4).
13
Suppose 0*k - k = 2*s + 4, 2*k - 5*s - 1 = 0. Let o(p) = -p**3 - p**2 + 1. Determine o(k).
5
Let k(v) = v**2 + v - 1. Let i(x) = 7*x**2 + 14*x - 2. Let s(a) = -i(a) + 6*k(a). Give s(-8).
-4
Let i(h) = h**3 - 6*h**2 - h + 7. Let p be (12/18)/(1 - 8/9). What is i(p)?
1
Let g(s) = 294*s - s**3 - 293*s - s**3 - 2 + 2*s**2. Determine g(2).
-8
Let r be ((-9)/(-5))/((-2)/(-10)). Let f be (-6)/r*6/4. Let w(l) = 7*l**3 - l**2 - l. Calculate w(f).
-7
Let s = 4 + -3. Let n(g) = -s - 2*g - g**3 - 3*g**3 + 3*g**2 + 2*g**3. Determine n(2).
-9
Let m = 6 - 1. Let j(q) = -3 + 6*q - 3 + m - q**2. Let u = -4 + 7. Determine j(u).
8
Let a(o) = 17*o - 49. Let k be a(3). Let d(q) = -q - 2. Give d(k).
-4
Let i(n) = n**2 + 12*n + 37. Let u be i(-5). Let j(w) = -w - 4. Determine j(u).
-6
Suppose 0 = 3*q - 4*q. Suppose -4 = x - q. Let r(j) = 5*j - 1 + 0*j**3 + 6*j**3 + 3 + 5*j**2 - 5*j**3. Determine r(x).
-2
Let l(v) = 0*v**2 - 4*v**2 - 2 + 0*v**3 + v**3 - 3*v - 3. Suppose 0 = -n - c, -4*n + 46 - 1 = -5*c. Calculate l(n).
5
Let n(z) be the first derivative of 2*z**3/3 - 5. What is n(2)?
8
Let u(h) = h**2 + 1 + 2*h + 4 - h**3 + 2*h**2. Suppose -3*j - 4*w + 2*w + 68 = 0, 4*j + 3*w - 91 = 0. Suppose j = 6*i - 2. Determine u(i).
-3
Let o be 87/27 + 6/(-27). Let v(y) = y + 2. Let n(u) = 1. Let q(d) = -6*n(d) + 2*v(d). Give q(o).
4
Let f(y) be the first derivative of -3*y**2/2 - 6*y + 10. Calculate f(-5).
9
Let m(c) = c - 4. Let v(t) = 2*t - 10. Let j be v(7). Let p = -23 + 42. Suppose 0 = 2*k + j*n, 4*k - 1 = 2*n + p. Determine m(k).
0
Let y be 2/(2/(-1)) - -3. Le